pose 3*p + 3*b - 1971 = 0, 5*p - 10*b - k = -5*b. What is the tens digit of p?
5
Let m be 23/((-207)/(-90)) + -2. Suppose -1144 = -m*u + 10304. What is the hundreds digit of u?
4
Let q be 2/(-7 - (-174)/24). Suppose 3*u + 5333 = q*u + h, -3*u + 4*h + 3186 = 0. What is the tens digit of u?
6
Let m(z) = -z**3 + 2*z**2 - z + 31. Let v be m(0). Let l = -37 + v. What is the units digit of (l/1)/3 - -9*5?
3
Let q(y) = 12*y - 61. Let s(h) = -h**2 + 9*h - 7. Let k be s(7). What is the units digit of q(k)?
3
Let m = 41 + -36. Suppose 0*b - 15 = -m*b. Suppose 2*d - 3*i + 48 = 4*d, -d = -b*i - 42. What is the tens digit of d?
3
What is the thousands digit of (2 - -10)*(3 - (-42)/(-12)) + 34652?
4
Suppose 0 = -5*n - 15, -2*n - 47450 = -4*m - 0*m. What is the tens digit of m?
6
Suppose 6*n - 5 - 13 = 0. Let o be ((-45)/(-5) - -3)*6/4. Suppose n*z = z + o. What is the units digit of z?
9
Let y be 3254*(-1)/(-4) - 117/78. Suppose -16*r + 14548 = -y. What is the units digit of r?
0
Let x = -159 + 161. Suppose 4*j - 60*l - 399 = -59*l, 0 = -x*l + 10. What is the hundreds digit of j?
1
Let b(v) = 25*v**2 + 86*v + 70. What is the hundreds digit of b(-16)?
0
Let y(v) = -5*v**2 + 6*v - 78. Let r(w) = -18*w**2 + 18*w - 235. Let i(q) = -2*r(q) + 7*y(q). What is the units digit of i(8)?
6
Let p = 39 + -41. Let l(h) = 110*h**3 - 6*h**2 + 6*h + 4. Let t(g) = 22*g**3 - g**2 + g + 1. Let u(d) = p*l(d) + 11*t(d). What is the tens digit of u(2)?
8
Let k(o) be the third derivative of 133*o**4/24 - 323*o**3/6 + 7*o**2 + 1. What is the hundreds digit of k(11)?
1
Suppose -5*y = c - 22152, -3*y + 14*c + 13286 = 12*c. What is the thousands digit of y?
4
Let a(j) = 63*j**2 + 171*j - 112. What is the tens digit of a(-20)?
6
Suppose -22*r - 150 = -25*r. Let q be 20/r + (-413)/(-5). Suppose m - q = -l, -4*l + 224 = -l - 2*m. What is the tens digit of l?
7
Let r = -9451 + 14695. What is the tens digit of r?
4
Let m = -272 + 276. Suppose s - 1946 = -3*q, -2*q = m*s - 5*s - 1294. What is the tens digit of q?
4
Suppose -4*l = -12 - 4. Let m be 6/l - 6/(-4). Suppose -328 = -5*v - 4*k + 324, -m*v + 5*k + 406 = 0. What is the tens digit of v?
3
What is the thousands digit of 3/(-4)*1 + (-2578530)/(-120)?
1
What is the tens digit of (6/(-21))/(-1) - (-25 - (-2657072)/(-56))?
7
Suppose -i = 5*t - 5945, 178*i + 5957 = 179*i - t. What is the hundreds digit of i?
9
Suppose -y = -4*h + 11, -2*y + 10 = 2*h + 2. Suppose 4*d - 3*d + 4*b = -14, h*d = 2*b + 14. What is the tens digit of ((-2)/(0 - d))/(3/171)?
5
Suppose 2*q + 3*s = 208, 5*s = 4*q - 0*q - 394. Let y = -97 + q. What is the units digit of ((-7)/((-70)/32))/(y/210)?
8
Let n = -407 - -514. Suppose 12*r = 6143 - n. What is the units digit of r?
3
Let b(h) = h**2 + 19*h + 16. Let w be b(-24). Let m = 290 - w. What is the units digit of m?
4
Suppose 0 = g + 2*g - 3. Suppose -10 = -3*c - g. Suppose -3*i = -5*k + 361, -k - i + c*i + 75 = 0. What is the units digit of k?
1
Let y = 290 - -15218. What is the tens digit of y?
0
Suppose 6 = 39*h - 36*h. Suppose 4*b + 348 = h*t - 98, b - 1115 = -5*t. What is the units digit of t?
3
Let b = -33 + 23. What is the units digit of (692/b)/((-4)/20)?
6
Let m be (-25)/15*18/(-30). Let h(s) be the third derivative of 24*s**5/5 - s**4/12 + s**3/3 + 7*s**2. What is the tens digit of h(m)?
8
Suppose -110*x + 116*x = 72. What is the tens digit of (0 + 2)*x*(-721)/(-28)?
1
Let p(q) = -7 - 6*q + 43 - 104*q - 4*q. What is the hundreds digit of p(-4)?
4
Let z(f) = 3*f**2 + 4*f + 2. Let v be 3/3 - (2 - 4). Suppose 0 = v*t - 7*t + 2*a + 10, 0 = -5*t - 4*a + 32. What is the tens digit of z(t)?
6
Let m = 66 + -64. Let j be 59340/570 + m/(-19). Suppose -566 + j = -6*c. What is the units digit of c?
7
Suppose 244296 = 53*u + 19*u + 6*u. What is the hundreds digit of u?
1
Let k(r) = 302*r**2 - 57*r + 405. What is the thousands digit of k(6)?
0
Let z(x) = -5*x - 9. Let c be z(-4). Let d = 25 - c. Let b = 47 - d. What is the units digit of b?
3
Let h = -32 - -2332. What is the units digit of h?
0
Let j be (-360)/396 - 8408/44. Suppose -5*n - y - y - 220 = 0, 2*n - 5*y + 88 = 0. Let h = n - j. What is the hundreds digit of h?
1
Let i be (1/(42/(-1068)))/(2/(-14)). Suppose -a = f - i, 5*a = -f + 8*a + 162. What is the tens digit of f?
7
Let a be (-9)/(54/20) + (-2)/3. What is the tens digit of -1*(-2 - (a - 1) - 231)?
2
Suppose 4*f = -0*w - 5*w - 216, -5*w = 0. Let x = f - -103. Let q = x - 43. What is the units digit of q?
6
Let x = 179 + -149. Suppose r = 11*r - x. What is the units digit of r?
3
Suppose -w + 1572 = -5*w. Let l be (12/(-20) + w/(-30))*-6. Let i = l - -136. What is the tens digit of i?
6
What is the tens digit of (0/((-4 - -5)*1))/1 - -8012?
1
Suppose 22*r = 16*r + 90. Let c(b) = b**3 - 16*b**2 + 18*b - 37. Let i be c(r). Suppose i*u = 11*u - 429. What is the hundreds digit of u?
1
Let i = -84 + 86. Let a be (1/i)/(3/(-180)). Let n = a - -61. What is the tens digit of n?
3
Suppose -5*h + 1567 = -2*i - 12121, 5*h + 5*i = 13695. What is the hundreds digit of h?
7
Let s(p) = 2778*p**3 + 2*p**2 + 13*p - 43. What is the hundreds digit of s(2)?
2
Let s = -333 + 2037. Suppose 0 = -5*r + 8*r - s. What is the units digit of r?
8
What is the hundreds digit of 112/364 + (-148860)/(-52)?
8
Let x = 992 + -1001. Let w = 5 - -3. What is the tens digit of (x - -1)*w/(-6)*3?
3
Suppose -5*b - 3*z - 4139 = -734, z = -2*b - 1363. What is the hundreds digit of ((-11)/11)/(3/b)?
2
Let d(j) = 3*j**3 - 3*j**2 - 3*j + 11. Let n(v) = -v**3 - v**2 - v - 1. Let x(z) = d(z) + 4*n(z). Let r be 576/240*(-1)/(4/10). What is the tens digit of x(r)?
1
What is the ten thousands digit of 148510/3 - -35*11/(-1155)?
4
Let y(s) = -2*s**3 + s. Suppose -22*p = -18*p - 4. Suppose c - p = -m, -2*m + 8 = -c + 5*c. What is the tens digit of y(m)?
1
Suppose 0 = -d + 5, -277*d + 276*d = -4*b + 24131. What is the units digit of b?
4
Let i = -124 + 88. Let b = i + 21. What is the units digit of (-221)/(-3) + (-5)/b?
4
Let k(m) = -m**2 - 22*m + 1. Let c be k(-22). Let q(t) = 1143*t**2 + 27*t - 28. What is the units digit of q(c)?
2
Suppose -3*j + r = 2*r - 17, j + 5*r = 1. Suppose o - 9 = 4*o + 4*u, j = -2*o + 3*u. What is the tens digit of (o/6)/((-171)/(-86) + -2)?
4
Suppose 4*y - 8*y - 6*y = 0. Suppose 320 = 2*z - 3*g, y = z + z + g - 304. What is the units digit of z?
4
Let m = -26 - -26. Suppose 4*a - 4*o - 10984 = 0, -5*a + m*o + 2*o + 13742 = 0. What is the units digit of a/77 - 2/(-7)?
6
Let g be -29*2/4*2. Let q = -64 - 14. Let n = g - q. What is the units digit of n?
9
Suppose 0 = 2*c - d - 8525, 2*c - 5497 = 3*d + 3026. What is the hundreds digit of c?
2
Let g = 9212 + 6342. What is the thousands digit of g?
5
Let c = 56281 + -36788. What is the hundreds digit of c?
4
Suppose 3*n + i - 10394 = 0, 0 = 19*n - 23*n - i + 13860. What is the hundreds digit of n?
4
Let i = 36 - -13. Suppose 0 = 2756*m - 2754*m + 14. Let s = i - m. What is the tens digit of s?
5
Let j(c) be the third derivative of 1/60*c**5 - 1/6*c**4 + 2/3*c**3 + 0 + 0*c - c**2. What is the units digit of j(5)?
9
Suppose 6*u + 2*u = 80. What is the units digit of (1 - -14)*4*4/u?
4
Suppose 4*y - 6 = -b, -30*y + 12 = 2*b - 34*y. Suppose -2*i - 676 = -b*i. What is the units digit of i?
9
Let s(i) = -i**2 - 45*i + 5. Let t be s(-44). What is the tens digit of t/98 + (-6490)/(-4)?
2
Let d = -7156 + 12644. Suppose -5*j + d = 9*j. What is the hundreds digit of j?
3
Let w(c) = -103*c + 160. Let f be w(-9). Suppose 0 = 3*z - 5*x - f, -4 = -2*x + 4*x. What is the tens digit of z?
5
Let o be -4 + (-17032)/(-24) + 4/(-6). Suppose 4*k = 0, -2*l = 3*l - 2*k - o. What is the tens digit of l?
4
Suppose -4*s + 6193 = 409. Suppose 0 = 5*d - 5981 + s. What is the tens digit of d?
0
Suppose 22*j + 4*h - 108364 = 18*j, 0 = j - 12*h - 27078. What is the units digit of j?
0
Let p = 37815 - 28439. What is the hundreds digit of p?
3
Suppose -7*t - 3*u + 336860 = 0, 3*u = -t + 23213 + 24915. What is the thousands digit of t?
8
Let m = -9806 + 25104. What is the ten thousands digit of m?
1
Let q be (-2*1/3)/(3/(-18)). Suppose q*g - 245 + 33 = 0. Suppose w = -o + g, o = 5*w + 3*o - 274. What is the units digit of w?
6
What is the units digit of -2*((-94900)/40)/13?
5
Let d = 52 + -36. Suppose 5*y - 17 = -3*